t j(a) = a**3 + 3*a**2 + a - 1. Let o be j(-1). Suppose -4*u + 32 + o = 4*h, -5*u + 4*h - 5 = 0. What are the prime factors of u?
3
Suppose -12*j + 10*j = -4. Suppose j - 3 = h. What are the prime factors of 1 + (h + 2 - -3)?
5
Suppose 0 = 2*r - 5*n - 1302, -n + 2582 = 3*r + r. List the prime factors of r.
2, 17, 19
Let i(r) = r**3 + 39*r**2 - 45*r - 133. List the prime factors of i(-39).
2, 811
Let x(c) = 84*c + 359. List the prime factors of x(7).
947
Let n = -1 - -1. Let r be 3 + 2*-3 + 4. Suppose -4*g + 11 + r = n. What are the prime factors of g?
3
Suppose 5*f - 5 = -5*i, 0*f + 4*f = -3*i + 2. Suppose -12 - 12 = -i*o. List the prime factors of o.
2, 3
Suppose 0 = 30*l - 20*l - 14070. What are the prime factors of l?
3, 7, 67
Suppose 5*s - 29 = 16. Let t(b) = -b**2 + 11*b + 1. What are the prime factors of t(s)?
19
Let r be 4/26 + 50/13. Suppose -r*s - 32 = 12. List the prime factors of s/(-4 + 3 + 0).
11
Let t(u) = -3 - 3 + 10*u - 4*u - u**2. Let d be t(4). Suppose -4*m = -2*m - 4*p - 30, d*p - 60 = -2*m. List the prime factors of m.
5
Let w = 98 - 68. List the prime factors of (-14 + 2)*(-50)/w.
2, 5
Let n = 3 - -7. Suppose 2*m - 3 + 1 = -p, 5*p = -m + n. Suppose -3*h + u = -m*u - 26, 5*h + 5*u - 50 = 0. List the prime factors of h.
3
Let r(w) = 7*w + 2*w - 25 - 34 - 3*w. What are the prime factors of r(27)?
103
Let s = 82 - 22. List the prime factors of s.
2, 3, 5
Let h(a) = -180*a - 48. Let i be h(-9). Suppose 2*r - 14*r = -i. List the prime factors of r.
131
Let l = 211 - 89. Suppose 7*p - f = 2*p + l, 5*p - 130 = 5*f. What are the prime factors of p?
2, 3
Suppose t - 4 = 4. Suppose v + 5*f + t = 0, -5*v + 26 = -3*f + 10. Suppose 3*r + 21 = y, 2*y - v*r + 122 = 7*y. What are the prime factors of y?
2, 3
Let d = 10 + -2. Let r(b) = 7*b + 19. What are the prime factors of r(d)?
3, 5
Suppose -5*j - 379 = -2*z, -2*z + 5*z = -3*j + 537. List the prime factors of z.
2, 7, 13
Let p = -1774 + 2565. What are the prime factors of p?
7, 113
Let p(h) = -h**2 - 4*h. Let v be p(-3). Let f(k) be the first derivative of k**3/3 - k**2/2 + k - 13. What are the prime factors of f(v)?
7
Let h(d) = -14*d**3 + d. Let u be (1/(-3))/(7/21). Let s be h(u). What are the prime factors of (-4 - -5) + s + 2?
2
Suppose -4*u + 169 = -155. What are the prime factors of u?
3
Let g be ((-84)/36)/((-1)/30). Let l = g - 39. List the prime factors of l.
31
Let s = 1191 - 567. Let q = 916 - s. Suppose 0 = 4*l + 5*u - q, 4*l - 183 - 109 = -2*u. What are the prime factors of l?
73
Let q(h) = h**2 - 3. Let p be -7*-1*(-1 + 2). Let a = p - 3. List the prime factors of q(a).
13
Let u = -38 - -32. Let k(n) = -11*n - 7. What are the prime factors of k(u)?
59
Let k = -22 - -134. Let v = k - 74. List the prime factors of v.
2, 19
Suppose -44 = k - 3*k. Let v = k - 25. What are the prime factors of (2/(-6))/(v/288)?
2
Let p(w) = w**2 + 10*w + 10. Let c be p(-10). Let b = c + -8. Let o = 35 + b. What are the prime factors of o?
37
Let i(f) = 5*f**2 - 11*f - 204. List the prime factors of i(-27).
2, 3, 7, 89
List the prime factors of (-1 + 3)/((-1)/((-1169)/2)).
7, 167
Suppose 5*l + 2*v - 9 = 7, 5*v - 5 = 5*l. Suppose 5*u = l*u + 2*f + 28, -5*u = f - 25. What are the prime factors of u/(-36) + (-194)/(-12)?
2
Let c(g) = g**2 - g - 8. Let s = 35 + -30. Let a be c(s). List the prime factors of ((-21)/(-12))/(1/a).
3, 7
Suppose 20 = -a + 4*y, -4*a - 23 - 2 = -5*y. Suppose 0 = -2*m - 2*m + 20. Suppose 4*x - x = a, -4*h + 84 = m*x. What are the prime factors of h?
3, 7
Let s(g) = 3*g + 9. Let v be s(11). Let b = v - 30. Let m(t) = 5*t - 22. List the prime factors of m(b).
2, 19
Let x(y) = 14*y - 69. Let r be x(5). Let u(v) = 25*v**2 + 2*v - 3. What are the prime factors of u(r)?
2, 3
Suppose 0*m - 4*m - 2*r = -944, 5*r = -2*m + 488. List the prime factors of m.
2, 3, 13
Let a = -17 + 25. Let l = a - 3. Suppose -l*q - 12 = o - q, -4*o = -2*q - 24. What are the prime factors of o?
2
Let k = 15 + -15. Suppose k = -2*i - 14 - 0. Let m(q) = -q**2 - 9*q - 1. List the prime factors of m(i).
13
Let z(p) = -85*p - 85*p + 172*p. Let a(q) = 5*q**3 - q**2 - q + 1. Let x be a(1). List the prime factors of z(x).
2
Suppose 9*l - 8*l - 501 = 0. Suppose l - 45 = 4*m. What are the prime factors of m?
2, 3, 19
Let z(b) = -132*b**3 + b**2 + b + 1. What are the prime factors of z(-2)?
3, 353
Let j = 13 - 13. Suppose 3*c - 617 = -4*m, 3*c - 4*c + 3 = j. Suppose n = -n + m. List the prime factors of n.
2, 19
Let i be 14*4/(-16)*-2. Suppose 4*m - d - 266 = 0, -m + i*d = 4*d - 72. What are the prime factors of m?
2, 3, 11
Let l(a) = a**3 + 13*a**2 - 2*a - 71. What are the prime factors of l(10)?
47
Let m = 5281 - 2864. List the prime factors of m.
2417
Suppose -15 = 5*a, -h + 2*a = -2*a - 13. Suppose -175 = -3*k + w, -w + 1 = -h. List the prime factors of k.
59
Let l = 2196 - 1326. List the prime factors of l.
2, 3, 5, 29
Let f = -645 + 1104. What are the prime factors of f?
3, 17
Suppose 2*j = -5*i + 9467, -2*i - j + 864 = -2922. List the prime factors of i.
5, 379
Let p(b) = -b**2 - 8*b + 11. Let d be p(-9). Let t(a) = -2 + 2*a**2 - 3 + 6 - 3*a**d - 7*a. What are the prime factors of t(-5)?
11
What are the prime factors of (-6)/4*(-229078)/141?
2437
Suppose 0 = d - 7*d - 642. Let m = d + 162. List the prime factors of (m/2)/((-2)/(-4)).
5, 11
Let i(w) = -68*w - 216. What are the prime factors of i(-27)?
2, 3, 5
Let o(d) = 166*d**3 - 2*d**2 + 2. Suppose 1 = -r + 2. What are the prime factors of o(r)?
2, 83
Let f = 928 - 676. List the prime factors of f.
2, 3, 7
Let r be ((-8)/14)/(-2) - (-7380)/(-252). Let j be 12/4 + -1 + 30. Let h = j + r. List the prime factors of h.
3
Let j(u) = u**2 - 15*u - 1. Let y(l) = 5*l**2 - l - 2. Let k be y(2). Let d be j(k). What are the prime factors of (-6)/(-10) + 111/d?
2
Let k(d) = d + 1. Let h be k(8). Suppose -h = 2*a - 163. List the prime factors of a.
7, 11
What are the prime factors of (-189306)/(-273) + 2/7*2?
2, 347
Suppose 5*a + 4*x = -x - 95, x - 44 = 2*a. Let b be -83*(0 - (-1 + 0)). Let y = a - b. What are the prime factors of y?
2, 31
Let g(r) = r**3 - 3 - 9*r**2 - 2*r**2 + 4*r + 21*r**2 + 4*r. List the prime factors of g(-5).
2, 41
Let j = -588 + 351. Let o be -3 + (j - (-2 - -5)). Let b = -167 - o. List the prime factors of b.
2, 19
Let n be -4*((-20)/(-8) + -3). Suppose 8*m - 53 = 7*m. Suppose f = 3*i + m, -n*f + 54 + 49 = -3*i. List the prime factors of f.
2, 5
Let d(j) be the third derivative of -j**6/120 + j**5/15 + j**4/6 + 5*j**3/6 - 5*j**2. Let x be d(5). Suppose x = -8*a + 12*a - 12. List the prime factors of a.
3
Suppose 5*p - q - 15208 = 0, 0 = 8*p - 12*p - 2*q + 12158. List the prime factors of p.
3041
Suppose u + 3207 = 2*d, 3*u - 7*u = -4*d + 6416. List the prime factors of d.
7, 229
Let p(y) = -2*y**2 + 4*y - 2. Let u be p(3). List the prime factors of (-6)/u + 39/12 + 4.
2
Suppose 5*p + 5*t - 125 = 0, 3*t + 50 = 2*p + 4*t. Let w be ((-2)/6)/((-3)/18). Suppose 3*v - p = w*v. What are the prime factors of v?
5
Let o(u) be the first derivative of u**5/60 - 2*u**4/3 + 4*u**3/3 + 6. Let d(j) be the third derivative of o(j). List the prime factors of d(9).
2
Let z(r) = -5*r + 1. Let w(v) = -16*v + 3. Let a(s) = 4*w(s) - 14*z(s). List the prime factors of a(2).
2, 5
Let l = 1644 + -1306. List the prime factors of l.
2, 13
Suppose 26 = g + 26. Let d be 4*((-3)/2 + 2). Suppose -d*p + s = -g*s - 10, -5*p + 3*s = -26. List the prime factors of p.
2
Let l = -28 - -31. Let u(g) = -3*g**3 + g**2 + 5*g - 2. Let z(f) = -f**3 - f**2 + f + 1. Let t(s) = -u(s) + z(s). List the prime factors of t(l).
3
Let m(q) = 7*q + 59. What are the prime factors of m(21)?
2, 103
Suppose -13*d + 8*d = 0. Suppose q + 3*o + 0 = 59, -q - o + 49 = d. What are the prime factors of q?
2, 11
Let f be 4/8*6 + -5. What are the prime factors of ((-2)/f + 1 - 4) + 157?
5, 31
Suppose 1 = 2*m - 5, -5*v - 3*m + 1224 = 0. Let r be v*2/24*4. Let c = r + -42. List the prime factors of c.
3, 13
Let i(s) = 0 + 64*s**3 - s**2 - s + 1 + 49*s**3. Let q be i(1). Suppose 0 = -t - 2*t - 9, 4*x - 4*t - q = 0. What are the prime factors of x?
5
Let h(t) = -t**3 + 6*t**2 + 6*t + 4. Suppose -7 = -3*n + 11. What are the prime factors of h(n)?
2, 5
Suppose -2*u - u - 18 = 0. What are the prime factors of (9